or of 130 and 390?
130
Calculate the highest common divisor of 192 and 72.
24
Calculate the greatest common divisor of 522 and 18.
18
Calculate the greatest common factor of 25 and 8.
1
What is the highest common divisor of 2438 and 106?
106
What is the greatest common factor of 72 and 2817?
9
What is the highest common divisor of 15 and 285?
15
What is the greatest common divisor of 42 and 567?
21
What is the highest common divisor of 272 and 48?
16
Calculate the highest common factor of 1440 and 150.
30
What is the greatest common divisor of 1053 and 156?
39
What is the highest common factor of 28 and 2422?
14
Calculate the greatest common divisor of 1678 and 2.
2
What is the highest common factor of 119 and 4403?
119
What is the greatest common factor of 37 and 16391?
37
Calculate the highest common factor of 330 and 4215.
15
What is the greatest common factor of 178 and 11392?
178
What is the highest common divisor of 22222 and 82?
82
What is the highest common divisor of 530 and 90?
10
What is the greatest common divisor of 22 and 242?
22
Calculate the highest common factor of 16 and 3568.
16
Calculate the highest common factor of 57 and 38.
19
Calculate the highest common factor of 21 and 1974.
21
Calculate the highest common divisor of 1196 and 1664.
52
Calculate the highest common divisor of 184 and 2668.
92
Calculate the greatest common divisor of 14 and 707.
7
Calculate the greatest common factor of 14 and 434.
14
Calculate the greatest common divisor of 1036 and 333.
37
What is the greatest common divisor of 86 and 1462?
86
Calculate the greatest common factor of 172 and 2494.
86
What is the highest common divisor of 12 and 148?
4
Calculate the highest common divisor of 18785 and 65.
65
What is the greatest common divisor of 2037 and 21?
21
Calculate the highest common factor of 568 and 8.
8
Calculate the highest common divisor of 423 and 188.
47
Calculate the greatest common divisor of 16 and 144.
16
What is the highest common divisor of 37323 and 234?
117
What is the greatest common divisor of 280 and 7?
7
Calculate the highest common factor of 23 and 92.
23
What is the greatest common divisor of 875 and 1225?
175
Calculate the highest common divisor of 924 and 1428.
84
Calculate the greatest common divisor of 568 and 104.
8
Calculate the highest common factor of 512 and 24.
8
Calculate the greatest common factor of 208 and 16.
16
Calculate the greatest common divisor of 20 and 835.
5
Calculate the greatest common factor of 147 and 441.
147
Calculate the highest common divisor of 144 and 48.
48
What is the greatest common factor of 88 and 36872?
88
What is the greatest common divisor of 41 and 328?
41
What is the highest common divisor of 5 and 1385?
5
Calculate the greatest common divisor of 403 and 702.
13
What is the highest common factor of 1366 and 2?
2
Calculate the greatest common factor of 5856 and 122.
122
Calculate the greatest common divisor of 29 and 145.
29
Calculate the greatest common factor of 26732 and 328.
164
What is the greatest common factor of 206 and 20806?
206
Calculate the highest common factor of 952 and 544.
136
Calculate the greatest common factor of 1375 and 33.
11
Calculate the greatest common factor of 60 and 11436.
12
What is the highest common divisor of 1408 and 384?
128
What is the highest common factor of 98 and 182?
14
What is the highest common divisor of 462 and 56?
14
Calculate the highest common factor of 11 and 11957.
11
Calculate the highest common divisor of 224 and 64.
32
Calculate the highest common factor of 2 and 922.
2
Calculate the highest common divisor of 856 and 321.
107
What is the highest common divisor of 80 and 144?
16
Calculate the greatest common factor of 23 and 69.
23
Calculate the highest common factor of 81 and 207.
9
What is the greatest common factor of 266 and 532?
266
What is the greatest common divisor of 6 and 1338?
6
Calculate the highest common divisor of 504 and 3456.
72
Calculate the greatest common factor of 187 and 275.
11
Calculate the highest common divisor of 1675 and 25.
25
Calculate the greatest common factor of 416 and 24.
8
What is the highest common factor of 282 and 3901?
47
Calculate the highest common divisor of 2629 and 956.
239
Calculate the greatest common divisor of 195 and 260.
65
Calculate the greatest common factor of 4696 and 72.
8
What is the highest common divisor of 9 and 40?
1
Calculate the highest common divisor of 398 and 2.
2
What is the highest common factor of 4476 and 192?
12
What is the greatest common divisor of 488 and 16?
8
What is the highest common divisor of 12 and 11712?
12
Calculate the greatest common divisor of 70 and 245.
35
Calculate the highest common divisor of 658 and 1834.
14
What is the highest common divisor of 3980 and 20?
20
Calculate the highest common factor of 854 and 28.
14
Calculate the greatest common factor of 253 and 23.
23
What is the greatest common divisor of 108 and 135?
27
What is the greatest common factor of 708 and 24?
12
Calculate the greatest common factor of 55 and 4675.
55
What is the highest common divisor of 21 and 13503?
21
What is the greatest common divisor of 111 and 129?
3
Calculate the greatest common divisor of 12 and 35772.
12
Calculate the greatest common factor of 243 and 3.
3
Calculate the greatest common factor of 41 and 27593.
41
What is the highest common divisor of 330 and 1870?
110
Calculate the highest common factor of 8052 and 44.
44
Calculate the greatest common factor of 79 and 1.
1
Calculate the highest common factor of 426 and 1846.
142
Calculate the highest common divisor of 8440 and 48.
8
Calculate the highest common divisor of 5640 and 540.
60
What is the greatest common factor of 4 and 244?
4
Calculate the highest common divisor of 5154 and 66.
6
What is the greatest common factor of 54 and 14?
2
What is the highest common factor of 58 and 2494?
58
What is the highest common divisor of 203 and 11919?
29
Calculate the greatest common divisor of 474 and 790.
158
What is the greatest common divisor of 520 and 3133?
13
What is the greatest common divisor of 450 and 45?
45
Calculate the greatest common divisor of 10 and 34.
2
What is the highest common factor of 72 and 18?
18
Calculate the greatest common divisor of 595 and 935.
85
What is the greatest common factor of 273 and 21?
21
What is the highest common factor of 76188 and 84?
84
What is the greatest common factor of 34580 and 182?
182
Calculate the highest common divisor of 152 and 171.
19
What is the highest common factor of 27 and 12312?
27
What is the greatest common divisor of 27 and 225?
9
What is the highest common divisor of 116 and 580?
116
Calculate the greatest common divisor of 30 and 90.
30
Calculate the highest common factor of 99 and 363.
33
What is the greatest common divisor of 48 and 1776?
48
What is the greatest common divisor of 12 and 582?
6
What is the highest common divisor of 18 and 138?
6
What is the greatest common divisor of 76 and 190?
38
Calculate the greatest common divisor of 459 and 81.
27
What is the greatest common divisor of 26 and 988?
26
What is the greatest common divisor of 70 and 170?
10
Calculate the highest common factor of 4050 and 1200.
150
What is the greatest common divisor of 123 and 69?
3
Calculate the greatest common divisor of 3591 and 684.
171
Calculate the highest common factor of 86 and 14.
2
What is the greatest common divisor of 285 and 585?
15
What is the highest common divisor of 128 and 3488?
32
What is the greatest common divisor of 16315 and 130?
65
What is the highest common divisor of 10260 and 1404?
108
Calculate the greatest common divisor of 70652 and 136.
68
What is the greatest common divisor of 15 and 26925?
15
What is the greatest common divisor of 2077 and 62?
31
Calculate the greatest common divisor of 2276 and 12.
4
What is the highest common divisor of 553 and 28?
7
Calculate the greatest common factor of 135 and 60.
15
Calculate the greatest common divisor of 1343 and 17.
17
Calculate the highest common divisor of 27 and 81.
27
What is the greatest common divisor of 434 and 14?
14
Calculate the greatest common divisor of 72 and 396.
36
What is the highest common divisor of 70 and 1190?
70
Calculate the greatest common factor of 8 a